4?
True
Is 171 a factor of 180476240?
False
Does 865 divide 138856720?
True
Does 187 divide 491048910?
True
Does 73 divide 209977514?
False
Does 28 divide 21341012?
True
Is 514150546 a multiple of 14?
True
Does 2590 divide 73092390?
True
Does 762 divide 148397058?
False
Is 23369893 a multiple of 1437?
False
Does 30 divide 2545830?
True
Is 5688 a factor of 482262768?
True
Is 50401212 a multiple of 6?
True
Does 622 divide 188868434?
True
Does 32 divide 680823264?
True
Is 18 a factor of 186235560?
True
Does 86 divide 7598444?
True
Is 260 a factor of 934638993?
False
Is 19 a factor of 24647427?
True
Does 69 divide 71546523?
False
Does 302 divide 874291812?
True
Is 9 a factor of 45491860?
False
Does 36 divide 6183128?
False
Is 108 a factor of 10721765?
False
Is 6 a factor of 307015?
False
Is 6 a factor of 4796550?
True
Does 9 divide 19716327?
True
Is 11 a factor of 17276083?
True
Does 1826 divide 58148970?
True
Does 8 divide 603473118?
False
Does 131 divide 681457761?
False
Is 2398 a factor of 44192742?
True
Is 1347607502 a multiple of 182?
False
Does 4486 divide 1442666811?
False
Is 12506055 a multiple of 5?
True
Is 4557194 a multiple of 384?
False
Is 338 a factor of 235373436?
False
Does 58 divide 145853470?
True
Is 1910 a factor of 1239347430?
True
Is 34 a factor of 38192399?
False
Does 117 divide 2842970340?
False
Is 112 a factor of 539486416?
True
Is 7671797 a multiple of 1477?
False
Is 11 a factor of 838416216?
True
Is 68 a factor of 402629284?
False
Is 658 a factor of 8213064?
False
Is 842 a factor of 46260355?
False
Is 1925 a factor of 24495625?
True
Does 28 divide 19011552?
True
Does 52 divide 371570784?
True
Is 9 a factor of 1277969006?
False
Is 7 a factor of 6365177?
True
Does 280 divide 586237879?
False
Is 1451285272 a multiple of 345?
False
Does 2850 divide 60936014?
False
Is 747677323 a multiple of 1003?
True
Does 3715 divide 986351075?
True
Is 24 a factor of 68080248?
True
Does 2204 divide 25921244?
True
Does 120 divide 72179846?
False
Is 33268528 a multiple of 614?
False
Does 1028 divide 286431420?
False
Is 65208708 a multiple of 35?
False
Does 7335 divide 3584453130?
True
Does 716 divide 33190515?
False
Does 2498 divide 999561324?
False
Is 2046631066 a multiple of 56?
False
Does 11 divide 631427907?
True
Is 7 a factor of 2326935940?
True
Is 455 a factor of 417833780?
True
Is 24 a factor of 42514728?
True
Is 23538844 a multiple of 28?
True
Does 38 divide 2476670?
False
Is 26426160 a multiple of 408?
True
Does 1693 divide 422355700?
False
Is 1902343607 a multiple of 8?
False
Is 39627464 a multiple of 19?
True
Is 1559 a factor of 34937510?
False
Is 4905 a factor of 180028215?
True
Is 1781690976 a multiple of 468?
True
Does 44 divide 12659707?
False
Does 13 divide 65884731?
False
Is 8 a factor of 13093359?
False
Is 7928645 a multiple of 5?
True
Is 44 a factor of 6259836?
True
Is 1808 a factor of 439830352?
True
Is 440409387 a multiple of 363?
True
Does 1648 divide 567962598?
False
Is 7 a factor of 13044721?
False
Is 60 a factor of 255545520?
True
Is 30 a factor of 28625330?
False
Does 249 divide 3180604608?
False
Is 5600337 a multiple of 755?
False
Does 57 divide 17702890?
False
Is 75652578 a multiple of 934?
False
Is 102 a factor of 17853300?
False
Is 307 a factor of 930750809?
False
Is 140139303 a multiple of 9?
False
Does 10 divide 32993813?
False
Is 4838441 a multiple of 888?
False
Is 1312473663 a multiple of 1191?
True
Is 12736199 a multiple of 199?
True
Is 1573 a factor of 44314556?
True
Does 100 divide 168263900?
True
Does 15300 divide 6130438145?
False
Does 1936 divide 814297088?
True
Does 393 divide 710256837?
False
Is 120 a factor of 4457078?
False
Is 1273 a factor of 11409899?
True
Is 1683 a factor of 61239552?
False
Is 843140698 a multiple of 2857?
True
Is 2749838256 a multiple of 264?
True
Is 24429982 a multiple of 3677?
False
Is 124107296 a multiple of 2848?
True
Does 4 divide 12196581?
False
Does 8 divide 386834?
False
Is 577 a factor of 54559966?
True
Does 12 divide 49660524?
True
Is 2389846614 a multiple of 1171?
False
Is 10 a factor of 595070270?
True
Is 5 a factor of 85282303?
False
Does 2359 divide 84242249?
True
Is 191126189 a multiple of 711?
False
Is 2476356775 a multiple of 53?
False
Is 1753 a factor of 249097794?
True
Is 102 a factor of 1312683798?
True
Is 50 a factor of 311348548?
False
Is 48 a factor of 7504320?
True
Is 18458062 a multiple of 346?
True
Does 726 divide 252077500?
False
Does 1990 divide 527599032?
False
Is 41936080 a multiple of 879?
False
Is 5 a factor of 2315181?
False
Is 15 a factor of 10043786?
False
Does 3213 divide 263809791?
True
Does 33 divide 40776921?
False
Is 540 a factor of 146039040?
False
Is 194 a factor of 2763169160?
True
Does 549 divide 179976474?
True
Is 68793892 a multiple of 1084?
True
Is 74 a factor of 49588806?
True
Is 1709577604 a multiple of 173?
False
Does 363 divide 141228780?
True
Is 104 a factor of 37598233?
False
Is 200 a factor of 341339800?
True
Is 10 a factor of 1301231?
False
Is 62936296 a multiple of 8?
True
Is 4315716352 a multiple of 128?
True
Does 6 divide 59515854?
True
Does 4 divide 11528899?
False
Is 9 a factor of 711427428?
True
Is 218 a factor of 639408170?
True
Is 11 a factor of 1126122377?
False
Is 3698 a factor of 92738444?
True
Is 78 a factor of 9828546?
True
Is 214 a factor of 534813178?
True
Is 85707268 a multiple of 17?
True
Is 8893900 a multiple of 152?
False
Is 9 a factor of 731044334?
False
Is 12 a factor of 3111874692?
True
Is 132211639 a multiple of 4458?
False
Does 18 divide 288091242?
True
Is 13402656 a multiple of 4?
True
Is 100577537 a multiple of 199?
False
Does 136 divide 1161431105?
False
Does 159 divide 5130135?
True
Does 300 divide 63843040?
False
Does 8 divide 654342182?
False
Does 228 divide 34038576?
True
Does 1143 divide 7106718159?
False
Is 37141770 a multiple of 102?
True
Is 6895840 a multiple of 1834?
True
Is 11 a factor of 222221856?
False
Does 2475 divide 294789825?
True
Is 53 a factor of 113180120?
False
Is 12 a factor of 39565458?
False
Is 4 a factor of 32660712?
True
Does 465 divide 38614793?
False
Is 496160096 a multiple of 8?
True
Does 11 divide 522921421?
True
Does 7377 divide 1253831805?
True
Is 37 a factor of 53409924?
False
Does 356 divide 365588204?
False
Is 8948 a factor of 3984329648?
True
Does 34 divide 91848518?
True
Is 60396510 a multiple of 868?
False
Does 23 divide 4481587?
False
Is 4 a factor of 619786002?
False
Does 18 divide 40390802?
False
Is 580 a factor of 8753360?
True
Is 269429904 a multiple of 12?
True
Is 87737340 a multiple of 140?
False
Is 82890990 a multiple of 3393?
True
Is 143848356 a multiple of 4?
True
Does 773 divide 30875401?
False
Does 12 divide 81392544?
True
Is 57464238 a multiple of 142?
False
Is 891 a factor of 6568076787?
False
Does 6 divide 504004236?
True
Is 36 a factor of 76621207?
False
Does 25 divide 939396?
False
Is 2756751 a multiple of 275?
False
Does 3471 divide 134422623?
False
Does 390 divide 2220682910?
False
Is 9254 a factor of 1014053320?
True
Is 126393530 a multiple of 1455?
False
Does 666 divide 23466510?
True
Is 9 a factor of 29473083?
True
Is 229 a factor of 376696877?
False
Does 21 divide 151783090?
False
Does 1451 divide 632390781?
True
Is 115639383 a multiple of 118?
False
Is 444 a factor of 3698076?
True
Is 336076706 a multiple of 17?
True
Is 2689 a factor of 2736695649?
False
Does 24 divide 21824592?
True
Does 20 divide 261952469?
False
Is 13 a factor of 26309708?
False
Is 133506450 a multiple of 3150?
True
Does 30 divide 267072703?
False
Is 454406181 a multiple of 3131?
False
Is 5 a factor of 1194470964?
False
Is 344 a factor of 28916984?
True
Is 16 a factor of 534267228?
False
Is 8 a factor of 96131008?
True
Is 10759439 a multiple of 3?
False
Does 133 divide 1392029?
False
Does 992 divide 763650528?
True
Is 1852006872 a multiple of 10?
False
Is 33 a factor of 28317544?
False
Is 23 a factor of 385401?
False
Is 10323562 a multiple of 223?
True
Is 6206 a factor of 455666921?
False
Is 2739969130 a multiple of 890?
True
Is 36947174 a multiple of 1112?
False
Is 1914 a factor of 40938137?
False
Is 98 a factor of 871219?
False
Is 17 a factor of 55700539?
False
Is 25 a factor of 26124957?
False
Is 749 a factor of 573020203?
True
Is 40770312 a multiple of 12?
True